is 11 (base 3) in base 11?
4
Convert 22 (base 9) to base 12.
18
Convert -10001 (base 3) to base 9.
-101
Convert 1 (base 2) to base 12.
1
7 (base 10) to base 6
11
What is -254 (base 7) in base 5?
-1022
Convert -1a (base 14) to base 2.
-11000
What is -2b (base 14) in base 12?
-33
-6 (base 9) to base 16
-6
What is 4 (base 15) in base 12?
4
-11 (base 2) to base 5
-3
What is 4 (base 12) in base 16?
4
5d (base 15) to base 14
64
What is 3 (base 5) in base 4?
3
43 (base 5) to base 4
113
Convert -113 (base 5) to base 10.
-33
Convert 28 (base 10) to base 14.
20
Convert -4 (base 13) to base 4.
-10
-2 (base 7) to base 8
-2
-a (base 15) to base 6
-14
Convert -5 (base 12) to base 5.
-10
What is -55 (base 8) in base 10?
-45
Convert -11 (base 11) to base 15.
-c
What is 50 (base 9) in base 3?
1200
Convert -3 (base 12) to base 7.
-3
Convert 0 (base 11) to base 6.
0
What is 49 (base 10) in base 5?
144
Convert -2 (base 6) to base 3.
-2
What is -3 (base 10) in base 8?
-3
Convert 1 (base 15) to base 13.
1
What is -9 (base 15) in base 10?
-9
What is 123 (base 5) in base 9?
42
2 (base 8) to base 4
2
-30 (base 4) to base 11
-11
Convert -18 (base 16) to base 5.
-44
What is 92 (base 15) in base 3?
12002
What is -231 (base 5) in base 6?
-150
-14 (base 9) to base 11
-12
What is -102 (base 4) in base 8?
-22
2 (base 14) to base 4
2
Convert -210 (base 12) to base 2.
-100101100
31 (base 12) to base 16
25
1 (base 15) to base 12
1
What is 110 (base 2) in base 11?
6
Convert 21011 (base 3) to base 8.
301
1 (base 4) to base 14
1
What is -6 (base 11) in base 8?
-6
Convert -70 (base 11) to base 9.
-85
Convert 65 (base 10) to base 13.
50
175 (base 15) to base 6
1315
Convert 257 (base 11) to base 14.
17a
-1 (base 4) to base 15
-1
What is -3 (base 4) in base 15?
-3
What is -1 (base 7) in base 3?
-1
What is 112 (base 5) in base 2?
100000
Convert -a (base 12) to base 16.
-a
Convert 2 (base 15) to base 2.
10
Convert -100 (base 2) to base 14.
-4
-1 (base 2) to base 14
-1
What is 6 (base 16) in base 4?
12
Convert 112 (base 3) to base 7.
20
-1111 (base 2) to base 13
-12
What is -9 (base 13) in base 3?
-100
Convert -15 (base 8) to base 12.
-11
What is 2 (base 9) in base 13?
2
Convert -63 (base 15) to base 13.
-72
What is 22 (base 11) in base 10?
24
What is 10 (base 6) in base 12?
6
Convert -d (base 14) to base 7.
-16
What is 2 (base 6) in base 5?
2
What is 1100 (base 2) in base 3?
110
-12 (base 7) to base 2
-1001
What is 111 (base 3) in base 6?
21
What is -1 (base 14) in base 6?
-1
-3 (base 10) to base 14
-3
What is -16 (base 16) in base 4?
-112
What is 2 (base 16) in base 8?
2
-5 (base 12) to base 4
-11
Convert -110001 (base 2) to base 16.
-31
What is -17 (base 14) in base 15?
-16
-4a (base 15) to base 10
-70
What is 2021 (base 3) in base 8?
75
Convert 111 (base 2) to base 14.
7
5 (base 12) to base 14
5
Convert -6 (base 15) to base 6.
-10
Convert 101101 (base 2) to base 12.
39
What is 200 (base 5) in base 8?
62
Convert -2 (base 15) to base 13.
-2
What is -1 (base 6) in base 3?
-1
Convert 1111 (base 2) to base 6.
23
Convert 320 (base 6) to base 2.
1111000
-5 (base 13) to base 10
-5
What is 175 (base 8) in base 12?
a5
1 (base 5) to base 6
1
What is -12 (base 3) in base 14?
-5
0 (base 16) to base 2
0
Convert -2 (base 9) to base 3.
-2
What is 24 (base 12) in base 4?
130
What is 3 (base 13) in base 10?
3
What is -b (base 13) in base 5?
-21
What is -1 (base 3) in base 4?
-1
What is -37 (base 9) in base 10?
-34
What is -4 (base 13) in base 6?
-4
106 (base 10) to base 11
97
-1 (base 4) to base 2
-1
What is -17 (base 9) in base 4?
-100
Convert 1a (base 11) to base 3.
210
0 (base 11) to base 3
0
Convert -102 (base 3) to base 2.
-1011
Convert -3 (base 16) to base 10.
-3
6 (base 15) to base 9
6
What is 1022 (base 3) in base 10?
35
What is -3 (base 13) in base 9?
-3
Convert -102 (base 4) to base 13.
-15
What is -1 (base 16) in base 8?
-1
Convert b5 (base 15) to base 2.
10101010
What is -10001 (base 2) in base 5?
-32
What is -3 (base 11) in base 8?
-3
Convert 1 (base 10) to base 11.
1
What is 21 (base 3) in base 12?
7
1 (base 6) to base 12
1
What is 119 (base 11) in base 4?
2031
Convert -3 (base 14) to base 6.
-3
1 (base 15) to base 14
1
What is 10000000 (base 2) in base 15?
88
10 (base 2) to base 10
2
Convert -127 (base 9) to base 12.
-8a
Convert 1 (base 3) to base 5.
1
23 (base 15) to base 2
100001
What is -80 (base 16) in base 9?
-152
Convert 3d (base 14) to base 3.
2001
What is 15 (base 6) in base 10?
11
What is 3 (base 16) in base 2?
11
11 (base 2) to base 7
3
-2 (base 8) to base 6
-2
Convert -1010111 (base 2) to base 9.
-106
What is -54 (base 8) in base 12?
-38
-15 (base 10) to base 8
-17
-2 (base 8) to base 12
-2
What is 35 (base 13) in base 11?
40
Convert 1001011 (base 2) to base 12.
63
What is 18 (base 13) in base 15?
16
What is -5 (base 12) in base 16?
-5
What is -8 (base 9) in base 5?
-13
What is -11 (base 9) in base 7?
-13
What is -a (base 12) in base 4?
-22
What is 52 (base 15) in base 16?
4d
-35 (base 6) to base 11
-21
What is -112 (base 9) in base 5?
-332
11 (base 5) to base 9
6
Convert 1a5 (base 13) to base 5.
2204
Convert 22 (base 4) to base 3.
101
Convert 24 (base 16) to base 10.
36
What is -75 (base 14) in base 6?
-251
What is 3 (base 14) in base 9?
3
Convert -70 (base 16) to base 6.
-304
What is 1c (base 16) in base 12?
24
-33 (base 8) to base 10
-27
What is 4 (base 8) in base 11?
4
What is 1 (base 2) in base 15?
1
What is -55 (base 14) in base 3?
-2210
Convert 110 (base 2) to base 13.
6
0 (base 3) to base 11
0
What is 23 (base 9) in base 13?
18
2200 (base 3) to base 4
1020
11 (base 6) to base 14
7
What is 88 (base 16) in base 5?
1021
Convert 56 (base 8) to base 15.
31
8 (base 13) to base 7
11
13 (base 6) to base 3
100
11011001 (base 2) to base 4
3121
What is -11111 (base 2) in base 15?
-21
Convert -1a6 (base 11) to base 9.
-283
45 (base 15) to base 12
55
What is 140 (base 5) in base 11?
41
20 (base 7) to base 15
e
0 (base 7) to base 10
0
Convert -a (base 14) to base 13.
-a
Convert -111 (base 4) to base 12.
-19
7 (base 15) to base 10
7
Convert -1 (base 16) to base 7.
-1
What is 1 (base 11) in base 16?
1
What is -234 (base 6) in base 2?
-1011110
What is 17 (base 16) in base 11?
21
What is -1 (base 3) in base 7?
-1
8 (base 15) to base 3
22
Convert 1a (base 15) to base 10.
25
What is -27 (base 14) in base 13?
-29
-2 (base 15) to base 12
-2
-22 (base 6) to base 2
-1110
Convert -16 (base 11) to base 10.
-17
-9a (base 14) to base 5
-1021
What is -28 (base 14) in base 6?
-100
2 (base 16) to base 3
2
Convert 0 (base 3) to base 4.
0
Convert -11 (base 6) to base 5.
-12
Convert 310 (base 4) to base 2.
110100
What is -10 (base 2) in base 16?
-2
Convert 4 (base 15) to base 6.
4
What is -4 (base 14) in base 11?
-4
-10 (base 4) to base 2
-100
What is -10 (base 4) in base 7?
-4
What is -84 (base 16) in base 9?
-156
25 (base 10) to base 3
221
Convert 0 (base 13) to base 6.
0
What is -1 (base 5) in base 13?
-1
Convert -10000 (base 2) to base 3.
-121
What is -3 (base 8) in base 4?
-3
-2 (base 4) to base 14
-2
What is d (base 14) in base 9?
14
-62 (base 16) to base 14
-70
Convert 3 (base 13) to base 8.
3
Convert -130 (base 4) to base 3.
-1001
What is 2 (base 11) in base 4?
2
Convert 0 (base 12) to base 11.
0
Convert 6 (base 16) to base 10.
6
What is 5 (base 15) in base 3?
12
What is 14 (base 6) in base 3?
101
-3 (base 12) to base 5
-3
What is -77 (base 8) in base 12?
-53
-2 (base 3) to base 16
-2
Convert 12112 (base 4) to base 16.
196
Convert 14 (base 12) to base 16.
10
What is 145 (base 6) in base 12?
55
What is -7a (base 15) in base 5?
-430
What is 10020 (base 3) in base 6?
223
1aa (base 11) to base 16
f1
Convert 35 (base 6) to base 9.
25
Convert -a (base 12) to base 5.
-20
-6 (base 11) to base 6
-10
What is -15 (base 8) in base 9?
-14
What is -2 (base 6) in base 12?
-2
1 (base 7) to base 6
1
Convert 100000 (base 2) to base 9.
35
Convert -e (base 16) to base 4.
-32
Convert -71 (base 15) to base 11.
-97
4 (base 12) to base 15
4
Convert -87 (base 16) to base 12.
-b3
60 (base 15) to base 3
10100
Convert 2 (base 12) to base 7.
2
Convert 2 (base 3) to base 13.
2
Convert 0 (base 16) to base 10.
0
11 (base 4) to base 7
5
Convert 1 (base 11) to base 16.
1
What is -62 (base 11) in base 10?
-68
Convert 82 (b